{"id":23,"date":"2014-12-17T14:31:17","date_gmt":"2014-12-17T14:31:17","guid":{"rendered":"http:\/\/localhost:8080\/pid\/?page_id=23"},"modified":"2015-02-11T00:49:15","modified_gmt":"2015-02-11T00:49:15","slug":"internet","status":"publish","type":"page","link":"https:\/\/pid.iesp.edu.br\/index.php\/cursos\/internet\/","title":{"rendered":"Internet"},"content":{"rendered":"<p style=\"text-align: center;\"><a href=\"http:\/\/ipd.iesp.edu.br\/ipd\/wp-content\/uploads\/2014\/12\/internet.jpg\"><img loading=\"lazy\" decoding=\"async\" class=\"aligncenter size-full wp-image-169\" src=\"http:\/\/ipd.iesp.edu.br\/ipd\/wp-content\/uploads\/2014\/12\/internet.jpg\" alt=\"Internet\" width=\"800\" height=\"300\" srcset=\"https:\/\/pid.iesp.edu.br\/wp-content\/uploads\/2014\/12\/internet.jpg 800w, https:\/\/pid.iesp.edu.br\/wp-content\/uploads\/2014\/12\/internet-300x112.jpg 300w\" sizes=\"auto, (max-width: 800px) 100vw, 800px\" \/><\/a><\/p>\n<p>&nbsp;<\/p>\n<p><strong>Curso de Internet:<\/strong> Neste curso o aluno aprender\u00e1 al\u00e9m dos conceitos b\u00e1sicos\u00a0para navegar na internet e redes sociais,\u00a0\u00a0princ\u00edpios de seguran\u00e7a e privacidade.<\/p>\n","protected":false},"excerpt":{"rendered":"<p>&nbsp; Curso de Internet: Neste curso o aluno aprender\u00e1 al\u00e9m dos conceitos b\u00e1sicos\u00a0para navegar na internet e redes sociais,\u00a0\u00a0princ\u00edpios de seguran\u00e7a e privacidade.<\/p>\n","protected":false},"author":2,"featured_media":169,"parent":19,"menu_order":2,"comment_status":"open","ping_status":"open","template":"","meta":{"_bbp_topic_count":0,"_bbp_reply_count":0,"_bbp_total_topic_count":0,"_bbp_total_reply_count":0,"_bbp_voice_count":0,"_bbp_anonymous_reply_count":0,"_bbp_topic_count_hidden":0,"_bbp_reply_count_hidden":0,"_bbp_forum_subforum_count":0,"ngg_post_thumbnail":0,"footnotes":""},"class_list":["post-23","page","type-page","status-publish","has-post-thumbnail","czr-hentry"],"_links":{"self":[{"href":"https:\/\/pid.iesp.edu.br\/index.php\/wp-json\/wp\/v2\/pages\/23","targetHints":{"allow":["GET"]}}],"collection":[{"href":"https:\/\/pid.iesp.edu.br\/index.php\/wp-json\/wp\/v2\/pages"}],"about":[{"href":"https:\/\/pid.iesp.edu.br\/index.php\/wp-json\/wp\/v2\/types\/page"}],"author":[{"embeddable":true,"href":"https:\/\/pid.iesp.edu.br\/index.php\/wp-json\/wp\/v2\/users\/2"}],"replies":[{"embeddable":true,"href":"https:\/\/pid.iesp.edu.br\/index.php\/wp-json\/wp\/v2\/comments?post=23"}],"version-history":[{"count":4,"href":"https:\/\/pid.iesp.edu.br\/index.php\/wp-json\/wp\/v2\/pages\/23\/revisions"}],"predecessor-version":[{"id":230,"href":"https:\/\/pid.iesp.edu.br\/index.php\/wp-json\/wp\/v2\/pages\/23\/revisions\/230"}],"up":[{"embeddable":true,"href":"https:\/\/pid.iesp.edu.br\/index.php\/wp-json\/wp\/v2\/pages\/19"}],"wp:featuredmedia":[{"embeddable":true,"href":"https:\/\/pid.iesp.edu.br\/index.php\/wp-json\/wp\/v2\/media\/169"}],"wp:attachment":[{"href":"https:\/\/pid.iesp.edu.br\/index.php\/wp-json\/wp\/v2\/media?parent=23"}],"curies":[{"name":"wp","href":"https:\/\/api.w.org\/{rel}","templated":true}]}}