{"id":17,"date":"2014-12-17T14:29:20","date_gmt":"2014-12-17T14:29:20","guid":{"rendered":"http:\/\/localhost:8080\/pid\/?page_id=17"},"modified":"2015-02-05T18:22:00","modified_gmt":"2015-02-05T18:22:00","slug":"planejamento","status":"publish","type":"page","link":"https:\/\/pid.iesp.edu.br\/index.php\/o-projeto\/planejamento\/","title":{"rendered":"Planejamento"},"content":{"rendered":"<h4 style=\"text-align: center;\">Planilha com o planejamento das aulas<\/h4>\n<p>&nbsp;<\/p>\n<table style=\"height: 398px;\" width=\"806\">\n<tbody>\n<tr>\n<td style=\"text-align: center;\" width=\"54\"><strong>Aula<\/strong><\/td>\n<td style=\"text-align: center;\" width=\"94\"><strong>Data<\/strong><\/td>\n<td style=\"text-align: center;\" width=\"115\"><strong>M\u00f3dulo<\/strong><\/td>\n<td style=\"text-align: center;\" width=\"76\"><strong>Grupo<\/strong><\/td>\n<td style=\"text-align: center;\" width=\"320\"><strong>Conte\u00fado<\/strong><\/td>\n<\/tr>\n<tr>\n<td style=\"text-align: center;\" width=\"54\">1<\/td>\n<td width=\"94\">S\u00e1bado 1<\/td>\n<td style=\"text-align: center;\" width=\"115\">ABERTURA<\/td>\n<td style=\"text-align: center;\" width=\"76\">TODOS<\/td>\n<td width=\"320\">AULA INAUGURAL e REUNI\u00c3O DOS INSTRUTORES<\/td>\n<\/tr>\n<tr>\n<td style=\"text-align: center;\" width=\"54\">2<\/td>\n<td width=\"94\">S\u00e1bado 2<\/td>\n<td style=\"text-align: center;\" rowspan=\"4\" width=\"115\">Introdu\u00e7\u00e3o a Windows e Internet<\/td>\n<td style=\"text-align: center;\" width=\"76\">Grupo 1<\/td>\n<td width=\"320\">Introdu\u00e7\u00e3o a Inform\u00e1tica<\/td>\n<\/tr>\n<tr>\n<td style=\"text-align: center;\" width=\"54\">3<\/td>\n<td width=\"94\">S\u00e1bado 3<\/td>\n<td style=\"text-align: center;\" width=\"76\">Grupo 2<\/td>\n<td width=\"320\">Windows Explorer<\/td>\n<\/tr>\n<tr>\n<td style=\"text-align: center;\" width=\"54\">4<\/td>\n<td width=\"94\">S\u00e1bado 4<\/td>\n<td style=\"text-align: center;\" width=\"76\">Grupo 3<\/td>\n<td width=\"320\">Conceitos b\u00e1sicos de rede e servi\u00e7os (email, sites,&#8230;)<\/td>\n<\/tr>\n<tr>\n<td style=\"text-align: center;\" width=\"54\">5<\/td>\n<td width=\"94\">S\u00e1bado 5<\/td>\n<td style=\"text-align: center;\" width=\"76\">Grupo 4<\/td>\n<td width=\"320\">Primeira Avalia\u00e7\u00e3o<\/td>\n<\/tr>\n<tr>\n<td style=\"text-align: center;\" width=\"54\">6<\/td>\n<td width=\"94\">S\u00e1bado 6<\/td>\n<td style=\"text-align: center;\" rowspan=\"3\" width=\"115\">Word<\/td>\n<td style=\"text-align: center;\" width=\"76\">Grupo 1<\/td>\n<td width=\"320\">Introdu\u00e7\u00e3o e edi\u00e7\u00e3o no word<\/td>\n<\/tr>\n<tr>\n<td style=\"text-align: center;\" width=\"54\">7<\/td>\n<td width=\"94\">S\u00e1bado 7<\/td>\n<td style=\"text-align: center;\" width=\"76\">Grupo 2<\/td>\n<td width=\"320\">Impress\u00e3o de documentos e recursos avan\u00e7ados<\/td>\n<\/tr>\n<tr>\n<td style=\"text-align: center;\" width=\"54\">8<\/td>\n<td width=\"94\">S\u00e1bado 8<\/td>\n<td style=\"text-align: center;\" width=\"76\">Grupo 3<\/td>\n<td width=\"320\">Segunda Avalia\u00e7\u00e3o<\/td>\n<\/tr>\n<tr>\n<td style=\"text-align: center;\" width=\"54\">9<\/td>\n<td width=\"94\">S\u00e1bado 9<\/td>\n<td style=\"text-align: center;\" rowspan=\"4\" width=\"115\">Excel e PowerPoint<\/td>\n<td style=\"text-align: center;\" width=\"76\">Grupo 4<\/td>\n<td width=\"320\">Inclus\u00e3o e edi\u00e7\u00e3o de dados no excel<\/td>\n<\/tr>\n<tr>\n<td style=\"text-align: center;\" width=\"54\">10<\/td>\n<td width=\"94\">S\u00e1bado 10<\/td>\n<td style=\"text-align: center;\" width=\"76\">Grupo 1<\/td>\n<td width=\"320\">Cria\u00e7\u00e3o de f\u00f3rmulas, formata\u00e7\u00e3o e gr\u00e1ficos no excel<\/td>\n<\/tr>\n<tr>\n<td style=\"text-align: center;\" width=\"54\">11<\/td>\n<td width=\"94\">S\u00e1bado 11<\/td>\n<td style=\"text-align: center;\" width=\"76\">Grupo 2<\/td>\n<td width=\"320\">Cria\u00e7\u00e3o de Apresenta\u00e7\u00e3o no powerpoint<\/td>\n<\/tr>\n<tr>\n<td style=\"text-align: center;\" width=\"54\">12<\/td>\n<td width=\"94\">S\u00e1bado 12<\/td>\n<td style=\"text-align: center;\" width=\"76\">Grupo 3<\/td>\n<td width=\"320\">Terceira Avalia\u00e7\u00e3o<\/td>\n<\/tr>\n<tr>\n<td style=\"text-align: center;\" width=\"54\">13<\/td>\n<td width=\"94\">S\u00e1bado 13<\/td>\n<td style=\"text-align: center;\" width=\"115\">Reposi\u00e7\u00e3o<\/td>\n<td style=\"text-align: center;\" width=\"76\">Grupo 4<\/td>\n<td width=\"320\">Reposi\u00e7\u00e3o<\/td>\n<\/tr>\n<tr>\n<td style=\"text-align: center;\" width=\"54\">14<\/td>\n<td width=\"94\">S\u00e1bado 14<\/td>\n<td style=\"text-align: center;\" width=\"115\">Final<\/td>\n<td style=\"text-align: center;\" width=\"76\">Grupo 1<\/td>\n<td width=\"320\">Prova Final<\/td>\n<\/tr>\n<tr>\n<td style=\"text-align: center;\" width=\"54\">15<\/td>\n<td width=\"94\">S\u00e1bado 15<\/td>\n<td style=\"text-align: center;\" width=\"115\">Encerramento<\/td>\n<td style=\"text-align: center;\" width=\"76\">TODOS<\/td>\n<td width=\"320\">Entrega dos Certificados dos alunos e monitores<\/td>\n<\/tr>\n<\/tbody>\n<\/table>\n","protected":false},"excerpt":{"rendered":"<p>Planilha com o planejamento das aulas &nbsp; Aula Data M\u00f3dulo Grupo Conte\u00fado 1 S\u00e1bado 1 ABERTURA TODOS AULA INAUGURAL e REUNI\u00c3O DOS INSTRUTORES 2 S\u00e1bado 2 Introdu\u00e7\u00e3o a Windows e Internet Grupo 1 Introdu\u00e7\u00e3o a Inform\u00e1tica 3 S\u00e1bado 3 Grupo 2 Windows Explorer 4 S\u00e1bado 4 Grupo 3 Conceitos b\u00e1sicos de rede e servi\u00e7os (email, [&hellip;]<\/p>\n","protected":false},"author":2,"featured_media":0,"parent":207,"menu_order":5,"comment_status":"open","ping_status":"open","template":"","meta":{"_bbp_topic_count":0,"_bbp_reply_count":0,"_bbp_total_topic_count":0,"_bbp_total_reply_count":0,"_bbp_voice_count":0,"_bbp_anonymous_reply_count":0,"_bbp_topic_count_hidden":0,"_bbp_reply_count_hidden":0,"_bbp_forum_subforum_count":0,"ngg_post_thumbnail":0,"footnotes":""},"class_list":["post-17","page","type-page","status-publish","czr-hentry"],"_links":{"self":[{"href":"https:\/\/pid.iesp.edu.br\/index.php\/wp-json\/wp\/v2\/pages\/17","targetHints":{"allow":["GET"]}}],"collection":[{"href":"https:\/\/pid.iesp.edu.br\/index.php\/wp-json\/wp\/v2\/pages"}],"about":[{"href":"https:\/\/pid.iesp.edu.br\/index.php\/wp-json\/wp\/v2\/types\/page"}],"author":[{"embeddable":true,"href":"https:\/\/pid.iesp.edu.br\/index.php\/wp-json\/wp\/v2\/users\/2"}],"replies":[{"embeddable":true,"href":"https:\/\/pid.iesp.edu.br\/index.php\/wp-json\/wp\/v2\/comments?post=17"}],"version-history":[{"count":9,"href":"https:\/\/pid.iesp.edu.br\/index.php\/wp-json\/wp\/v2\/pages\/17\/revisions"}],"predecessor-version":[{"id":98,"href":"https:\/\/pid.iesp.edu.br\/index.php\/wp-json\/wp\/v2\/pages\/17\/revisions\/98"}],"up":[{"embeddable":true,"href":"https:\/\/pid.iesp.edu.br\/index.php\/wp-json\/wp\/v2\/pages\/207"}],"wp:attachment":[{"href":"https:\/\/pid.iesp.edu.br\/index.php\/wp-json\/wp\/v2\/media?parent=17"}],"curies":[{"name":"wp","href":"https:\/\/api.w.org\/{rel}","templated":true}]}}